{"id":838,"date":"2017-10-31T11:29:13","date_gmt":"2017-10-31T10:29:13","guid":{"rendered":"http:\/\/julielhonoresophrologuerouen.com\/?page_id=838"},"modified":"2020-11-16T07:54:06","modified_gmt":"2020-11-16T06:54:06","slug":"bien-etre-petit-quevilly","status":"publish","type":"page","link":"https:\/\/julielhonoresophrologuerouen.com\/index.php\/bien-etre-petit-quevilly\/","title":{"rendered":"Bien-\u00eatre \u00e0 Le Petit Quevilly"},"content":{"rendered":"<p>Bien-\u00eatre \u00e0 Le Petit Quevilly est une m\u00e9thode psychocorporelle qui favorise un \u00e9tat de mieux-\u00eatre.<br \/>\nBien-\u00eatre \u00e0 Le Petit Quevilly est accessible \u00e0 tous d\u00e8s 8 ans.<br \/>\nSi vous souhaitez g\u00e9rer vos probl\u00e8mes de stress Bien-\u00eatre Le Petit Quevilly est une m\u00e9thode appropri\u00e9e. Bien-\u00eatre Le Petit Quevilly est facile \u00e0 mettre en place et \u00e0 adapter n\u2019importe o\u00f9. Bien-\u00eatre Le Petit Quevilly vous aidera aussi dans la gestion de vos \u00e9motions. Pour renforcer votre potentialit\u00e9 Bien-\u00eatre Le Petit Quevilly serra vous aider \u00e0 prendre le temps et Bien-\u00eatre Le Petit Quevilly vous guidera dans votre qu\u00eate de confiance en soi. Bien-\u00eatre Le Petit Quevilly est une m\u00e9thode de d\u00e9veloppement personnel tr\u00e8s efficace. La pratique de bien-\u00eatre Le Petit Quevilly peut devenir une addiction bonne pour la sant\u00e9 car bien-\u00eatre Le Petit Quevilly permet de s\u00e9cr\u00e9ter de l\u2019endorphine et de la dopamine qui sont les hormones du bien-\u00eatre et de la joie.\u00a0 Cabinet M\u00e9dical des Bruy\u00e8res, 38 avenue des Canadiens 76140 Le Petit Quevilly.<\/p>\n","protected":false},"excerpt":{"rendered":"<p>Bien-\u00eatre \u00e0 Le Petit Quevilly est une m\u00e9thode psychocorporelle qui favorise un \u00e9tat de mieux-\u00eatre. Bien-\u00eatre \u00e0 Le Petit Quevilly est accessible \u00e0 tous d\u00e8s 8 ans. Si vous souhaitez g\u00e9rer vos probl\u00e8mes de stress Bien-\u00eatre Le Petit Quevilly est une m\u00e9thode appropri\u00e9e. Bien-\u00eatre Le Petit Quevilly est facile \u00e0 mettre en place et \u00e0 [&hellip;]<\/p>\n","protected":false},"author":1,"featured_media":0,"parent":0,"menu_order":888,"comment_status":"closed","ping_status":"closed","template":"","meta":{"_et_pb_use_builder":"","_et_pb_old_content":"","_et_gb_content_width":"","footnotes":""},"_links":{"self":[{"href":"https:\/\/julielhonoresophrologuerouen.com\/index.php\/wp-json\/wp\/v2\/pages\/838"}],"collection":[{"href":"https:\/\/julielhonoresophrologuerouen.com\/index.php\/wp-json\/wp\/v2\/pages"}],"about":[{"href":"https:\/\/julielhonoresophrologuerouen.com\/index.php\/wp-json\/wp\/v2\/types\/page"}],"author":[{"embeddable":true,"href":"https:\/\/julielhonoresophrologuerouen.com\/index.php\/wp-json\/wp\/v2\/users\/1"}],"replies":[{"embeddable":true,"href":"https:\/\/julielhonoresophrologuerouen.com\/index.php\/wp-json\/wp\/v2\/comments?post=838"}],"version-history":[{"count":3,"href":"https:\/\/julielhonoresophrologuerouen.com\/index.php\/wp-json\/wp\/v2\/pages\/838\/revisions"}],"predecessor-version":[{"id":1431,"href":"https:\/\/julielhonoresophrologuerouen.com\/index.php\/wp-json\/wp\/v2\/pages\/838\/revisions\/1431"}],"wp:attachment":[{"href":"https:\/\/julielhonoresophrologuerouen.com\/index.php\/wp-json\/wp\/v2\/media?parent=838"}],"curies":[{"name":"wp","href":"https:\/\/api.w.org\/{rel}","templated":true}]}}